-15 = 2*s + 3*j - 6*j. What is the units digit of s/(-3)*(2 - -81)?
3
Suppose -3*u - 5*s = -u + 7, -4*s - 12 = 0. Suppose -80 = -5*m - 3*z, -5*m + z - u = -84. What is the units digit of m?
6
Suppose 5*v - 4415 = -28*z + 26*z, -3*z + 6639 = 2*v. What is the units digit of z?
5
Suppose 0*q + 1735 = 4*s + q, -4*s = 3*q - 1741. Suppose -h - l + 110 = 0, -2*h + s = 2*h - 3*l. What is the tens digit of h?
0
Let j(s) = -96*s - 141. What is the hundreds digit of j(-22)?
9
Let y = 5128 - 1900. What is the thousands digit of y?
3
Let z = 587 - 400. What is the hundreds digit of z?
1
Let v(y) = 2*y - 18. Suppose 10 - 1 = 3*c. Suppose c*f - 3*m - 45 = 0, -3*f + 3*m = 8*m - 37. What is the tens digit of v(f)?
1
Let j(o) = 393*o - 462. What is the hundreds digit of j(8)?
6
Let g be 30/9*3/12*6. Suppose 3*j - g*i - 59 = 0, -j - i = -4*i - 13. What is the tens digit of j?
2
Suppose -3*i + 3 = -9. Suppose 5*f - 4 = 11. Suppose -f*y - 27 = -i*s + 4, 2*s - 4*y = 28. What is the units digit of s?
4
Suppose -5*n - 26 = 8*n. What is the hundreds digit of ((-6)/4 - n)*(-5 + 327)?
1
Let z(l) = 152*l**2 - 5*l - 5. Let u be z(-1). Suppose 3*g = g + u. What is the tens digit of g?
7
Let t(r) = -8*r + 5. Let s = 16 - 14. Suppose s = -d - 1. What is the tens digit of t(d)?
2
What is the tens digit of ((-26)/(-10))/(1/45)?
1
Let c be (-43)/(-15) + 6/45. Suppose c + 17 = a. What is the units digit of a?
0
Suppose -5*i - 46 = -x, 0 = -i - 0*i + 2*x - 11. Let p = 40 + -27. Let o = i + p. What is the units digit of o?
4
Suppose -3*g + 645 = 5*w - 136, -5*w + 25 = 0. What is the tens digit of g?
5
Suppose -3*o = -3837 - 8247. What is the tens digit of o?
2
Let c = 54 + 9. Let d = 3 + c. What is the units digit of d?
6
Let a = -13 - -16. Suppose -7*p = -a*p - 16. Suppose 46 = p*o + 2*r, r = 3*o - 46 + 9. What is the tens digit of o?
1
Suppose 0 = 5*y - 6*y + 7. Let c(m) be the second derivative of 2*m**3/3 - 3*m**2 - m. What is the units digit of c(y)?
2
Suppose 11*a = 6*a. Suppose -3*d + 194 - 38 = a. What is the tens digit of d?
5
Let m(l) = 112*l**3 + l - 1. Let a = 59 + -58. What is the units digit of m(a)?
2
Let q = 2698 + -1127. What is the units digit of q?
1
Let j = -25 - -28. Let i = 69 - j. What is the units digit of i?
6
Let v be (-5365)/(-2) - 10/20. Suppose 2*w + 7*w - v = 0. What is the tens digit of w?
9
Let u(y) = -y - 20. Let a be u(-14). What is the tens digit of (a/(-9))/(6*(-3)/(-1161))?
4
Let n = -96 - -434. What is the hundreds digit of n?
3
Let a = 4 - 2. Suppose a - 8 = -2*l. Suppose 0 = -l*w + 18 - 3. What is the units digit of w?
5
Suppose -3*y = -l + 2*l - 337, y - 1741 = -5*l. Let a = -247 + l. What is the hundreds digit of a?
1
Suppose 2*z - 31 - 17 = 0. Suppose q - 74 = z. What is the tens digit of q?
9
Suppose 0 = -4*n + 23 - 7. Let x be (4/n)/((-1)/(-2)). Suppose -3*l - d = l - 199, -107 = -x*l - 3*d. What is the tens digit of l?
4
Let v be 667/2 + (-9)/6. Let s = -70 + v. What is the tens digit of s?
6
Let d(a) be the third derivative of -a**6/120 - a**5/15 - 5*a**4/24 + a**3/3 - 2*a**2. Suppose 3*n = 2*n - 4. What is the tens digit of d(n)?
2
Suppose -5*p = -4*r - 17631, 44*r = 4*p + 45*r - 14109. What is the units digit of p?
7
Let c(m) = -6*m + 12*m - 23 + 8*m. What is the units digit of c(6)?
1
Suppose 6*f - 32 = -14. What is the units digit of ((-47)/f)/(1/(-12))?
8
Suppose -f = -4*f + 489. Let z = f - 111. What is the tens digit of z?
5
What is the tens digit of (-5192)/(-12) - -2 - 25/(-75)?
3
Let p = 931 + 511. What is the units digit of p/7*(-1)/(-2)?
3
Let o(q) = 121*q + 30. Let v(k) = 24*k + 6. Let f(z) = 2*o(z) - 11*v(z). What is the tens digit of f(-4)?
8
Suppose -6*y + 9563 = 3269. Suppose 12*a - y = 427. What is the tens digit of a?
2
Let n(d) = -7*d + 1. Let i = -3 + 5. Let w be n(i). Let b = 48 + w. What is the tens digit of b?
3
Suppose 2*m = 18 - 8. Suppose 5*h = 4*x + 34, m*x - 6 + 16 = 3*h. What is the tens digit of h?
1
Suppose 5058 = 6*y + 786. What is the tens digit of y?
1
Let c(s) = -2*s**3 - 2*s**2 + 5*s - 1. Let y(f) = 8*f**3 + 9*f**2 - 21*f + 3. Let x(i) = -9*c(i) - 2*y(i). Suppose 4*w = w + 6. What is the units digit of x(w)?
3
Let l = 30 + -24. What is the units digit of (-715)/(-26) - l/(-4)?
9
Suppose 2*w - 2*t - 16 = 0, w - 2*t - 8 = -2. Suppose 0 = -15*d + w*d + 5. Suppose 3*p = 4*j - 2*j + 92, -j - d = 0. What is the tens digit of p?
3
Suppose -88 - 122 = 5*z. Let i = -7 + 10. What is the units digit of 0 - (i - 3) - z?
2
Suppose -4*u = g - 5 + 33, g - 4*u = 12. Let d(i) = 7*i**2 + 9*i + 7. Let f(l) = 6*l**2 + 9*l + 7. Let v(k) = 5*d(k) - 6*f(k). What is the units digit of v(g)?
1
Let f = 24 + -24. Suppose -5*o - 68 = -2*x - o, f = x + 5*o - 20. What is the units digit of x?
0
Suppose 17 + 99 = -2*r. What is the units digit of (4 + -1)/(-3)*r?
8
Let i = -428 - -818. What is the tens digit of i?
9
Let p(g) = g + 0*g + 14 + 0*g. Let d be p(-11). Suppose 2*m = 5*l - 296, 180 = -0*l + d*l - 2*m. What is the tens digit of l?
5
Let x(n) = -235*n + 35. Let t be x(-7). Suppose 11*z + 5*z - t = 0. What is the hundreds digit of z?
1
Let i = 1609 - 510. What is the tens digit of i?
9
Suppose -o = 15 + 3. What is the units digit of (18/(-4))/(27/o)?
3
Let f(g) = 4*g**2 + 42*g + 112. What is the tens digit of f(23)?
9
Suppose 2*y - 9 + 5 = 0. Let s(c) = -4*c - 8 + y + 8*c. What is the units digit of s(3)?
6
Suppose 3*q + 1033 = 6*q - 5*y, 0 = 2*q + 2*y - 662. What is the units digit of q?
6
Let y = -55 - -58. Suppose 3*z + 246 = y*x, -3*z + 323 = 3*x + 89. What is the tens digit of x?
8
Suppose 3*g = -4*r + 2828, 10*g - 8*g + r - 1892 = 0. What is the tens digit of g?
4
Let s be 4 - (-2 - (-16)/4). Suppose -4*g = -2*q - 12, -s*g + 0*q - q + 14 = 0. What is the units digit of g?
5
Suppose -5*m - 3*d = -2532, -2*m + 14*d = 12*d - 1016. What is the units digit of m?
7
Suppose -5*z - 15*y = -11*y - 2507, 5*y + 1482 = 3*z. What is the units digit of z?
9
Let v(k) = 6*k - 39. Let j be v(-24). Let y = j - -276. What is the units digit of y?
3
What is the hundreds digit of 12*3/(72/1684)?
8
Let r = -32 - -26. Let n be (6/9)/(1/r). Let q = n - -26. What is the tens digit of q?
2
Let z = -11 + 19. Suppose -6*x = -4*x - z. What is the units digit of x?
4
Let t(u) = -37*u - 25. Suppose 0 = -r - 3 - 3. What is the hundreds digit of t(r)?
1
Let d(q) = 2*q + 16. Suppose -3*g + 26 = -2*p, 5*g + 6 = -5*p - 9. What is the units digit of d(p)?
2
Let p(l) = -6 + 5 - 33 - 3*l. What is the tens digit of p(-24)?
3
Let x = 1315 - 818. Suppose 4*k - k + 5*q - x = 0, -3*q - 161 = -k. What is the units digit of k?
4
Let l be (-7295)/(-11) + (-2)/11. Suppose 0 = 4*n - 7*n + l. Suppose -6*r - 35 = -n. What is the tens digit of r?
3
Suppose 0 = -52*s + 56*s - 40. What is the tens digit of 4/s + (-1 - (-1256)/10)?
2
Let q = 2374 - 590. What is the thousands digit of q?
1
Suppose 73 = -a + 496. What is the units digit of a?
3
Let y be 855/10*(2 - 0). Suppose -129 = -3*h + o, 3*h + o + y = 7*h. Suppose -h - 15 = -3*z. What is the tens digit of z?
1
Let y(d) = 4*d + 9. Let f(i) = -12*i - 27. Let j(m) = -6*f(m) - 17*y(m). What is the tens digit of j(4)?
2
Suppose -40 = 5*r + m + 45, 0 = -5*r + 5*m - 55. Let d(k) be the first derivative of k**4/4 + 5*k**3 - 8*k**2 + 11*k - 142. What is the tens digit of d(r)?
1
What is the thousands digit of -1 - (-46)/42 - (-233519)/231?
1
Suppose -41 = 3*r + 130. Let z = 32 + -65. Let w = z - r. What is the tens digit of w?
2
Let n(i) = -3*i + 7. Suppose -2*c + 92 = 12. Suppose -4*m + 0*m - c = 0. What is the units digit of n(m)?
7
Suppose 3*h = 9 - 0. Suppose -c - h*c - 4*s = -504, -5*c = -s - 606. What is the tens digit of c?
2
What is the tens digit of 8/6 + ((-166275)/27)/(-5)?
3
Suppose 11*k - 10*k - 116 = 0. What is the tens digit of k?
1
Suppose -2*c + 13*c - 8745 = 0. What is the hundreds digit of c?
7
Suppose c = 3*m + 6*c + 35, 0 = -5*m - 3*c - 37. Let h(k) = k**2 - 8*k - 5. What is the tens digit of h(m)?
6
Suppose -3*v - 70 = 4*v. Suppose -3*x + 37 = -14. Let y = x + v. What is the units digit of y?
7
Suppose -5*z + 9961 - 1995 = 3*p, 2*p = 3*z - 4772. What is the thousands digit of z?
1
Let y be (-7 + 4)*4/(-6). Suppose -4*u = -y*u - 36. What is the tens digit of u/(-4)*(-5 - 5)?
4
Suppose 3*k - 5777 = -5